{"id":620,"date":"2026-03-04T07:12:04","date_gmt":"2026-03-04T07:12:04","guid":{"rendered":"https:\/\/nevakallio.com\/?page_id=620"},"modified":"2026-04-17T07:58:55","modified_gmt":"2026-04-17T07:58:55","slug":"interior-design","status":"publish","type":"page","link":"https:\/\/nevakallio.com\/index.php\/interior-design\/","title":{"rendered":"Interior Design"},"content":{"rendered":"<div data-colibri-id=\"620-c1\" class=\"style-701 style-local-620-c1 position-relative\">\n  <!---->\n  <div data-colibri-component=\"section\" data-colibri-id=\"620-c2\" id=\"photo-gallery\" class=\"h-section h-section-global-spacing d-flex align-items-lg-center align-items-md-center align-items-center style-702 style-local-620-c2 position-relative\">\n    <!---->\n    <!---->\n    <div class=\"h-section-grid-container h-section-boxed-container\">\n      <div data-colibri-id=\"620-c6\" class=\"h-row-container gutters-row-lg-2 gutters-row-md-2 gutters-row-2 gutters-row-v-lg-2 gutters-row-v-md-2 gutters-row-v-2 style-706 style-local-620-c6 position-relative\">\n        <!---->\n        <div class=\"h-row justify-content-lg-center justify-content-md-center justify-content-center align-items-lg-stretch align-items-md-stretch align-items-stretch gutters-col-lg-2 gutters-col-md-2 gutters-col-2 gutters-col-v-lg-2 gutters-col-v-md-2 gutters-col-v-2\">\n          <!---->\n          <div class=\"h-column h-column-container d-flex h-col-lg-auto h-col-md-auto h-col-auto style-707-outer style-local-620-c7-outer\">\n            <div data-colibri-id=\"620-c7\" class=\"d-flex h-flex-basis h-column__inner h-px-lg-2 h-px-md-2 h-px-2 v-inner-lg-2 v-inner-md-2 v-inner-2 style-707 style-local-620-c7 position-relative\">\n              <!---->\n              <!---->\n              <div class=\"w-100 h-y-container h-column__content h-column__v-align flex-basis-100 align-self-lg-start align-self-md-start align-self-start\">\n                <!---->\n                <div data-colibri-id=\"620-c8\" class=\"h-global-transition-all h-heading style-708 style-local-620-c8 position-relative h-element\">\n                  <!---->\n                  <div class=\"h-heading__outer style-708 style-local-620-c8\">\n                    <!---->\n                    <!---->\n                    <h2 class=\"\">Mehil\u00e4inen milj\u00f6\u00f6<\/h2>\n                  <\/div>\n                <\/div>\n                <div data-colibri-id=\"620-c9\" class=\"h-lead h-text h-text-component style-709 style-local-620-c9 position-relative h-element\">\n                  <!---->\n                  <!---->\n                  <div class=\"\">\n                    <p>Mehil\u00e4isen tilailmeen, milj\u00f6\u00f6n, konseptointi alkoi vauhdikkaasti 2011. Uusia yksik\u00f6it\u00e4 avautui nopeasti maakuntiin ja vanhoja yksik\u00f6it\u00e4 kunnostettiin. Usein vuokralaisen roolissa kaikkea ei ole j\u00e4rkev\u00e4\u00e4 muuttaa, siksi tekem\u00e4mme raamit\n                      mahdollistivat my\u00f6s osittaiset uudistukset.\n                      <br>Alla muutama esimerkki mallinnetuista tiloista. Vastaanottotiski on kokonaan <span style=\"font-weight: 400; font-size: 20px; font-family: &quot;Didact Gothic&quot;; color: rgb(31, 31, 32);\">minun&nbsp;<\/span>suunnittelema. Se muistuttaa\n                      laskevaa ja nousevaa ty\u00f6pistett\u00e4 enemm\u00e4n kuin perinteist\u00e4 tiski\u00e4. T\u00e4m\u00e4 mahdollisti eri kokoisten, sek\u00e4 vammautuneiden asiakkaiden palvelun. Potilastietoturvan vuoksi pisteiden v\u00e4liss\u00e4 on v\u00e4lisein\u00e4kkeet. Tiskin valmisti Adi kaluste.<\/p>\n                  <\/div>\n                <\/div>\n              <\/div>\n            <\/div>\n          <\/div>\n        <\/div>\n      <\/div>\n      <div data-colibri-id=\"620-c3\" class=\"h-row-container gutters-row-lg-2 gutters-row-md-2 gutters-row-2 gutters-row-v-lg-2 gutters-row-v-md-2 gutters-row-v-2 style-703 style-local-620-c3 position-relative\">\n        <!---->\n        <div class=\"h-row justify-content-lg-center justify-content-md-center justify-content-center align-items-lg-stretch align-items-md-stretch align-items-stretch gutters-col-lg-2 gutters-col-md-2 gutters-col-2 gutters-col-v-lg-2 gutters-col-v-md-2 gutters-col-v-2\">\n          <!---->\n          <div class=\"h-column h-column-container d-flex h-col-lg-auto h-col-md-auto h-col-auto style-704-outer style-local-620-c4-outer\">\n            <div data-colibri-id=\"620-c4\" class=\"d-flex h-flex-basis h-column__inner h-px-lg-2 h-px-md-2 h-px-2 v-inner-lg-2 v-inner-md-2 v-inner-2 style-704 style-local-620-c4 position-relative\">\n              <!---->\n              <!---->\n              <div class=\"w-100 h-y-container h-column__content h-column__v-align flex-basis-100 align-self-lg-start align-self-md-start align-self-start\">\n                <!---->\n                <div data-colibri-component=\"masonry\" data-colibri-id=\"620-c5\" data-aos=\"fadeIn\" class=\"h-photo-gallery margin-none caption-none photo-gallery--with-hover-effect photo-gallery--with-hover-effect--fade-out style-705 style-local-620-c5 position-relative h-element\">\n                  <!---->\n                  <div class=\"h-global-transition-all caption-wrapper-full\"><div id='colibri-620-c5' class='gallery-wrapper'>    <style type=\"text\/css\">\n\n        @media (min-width: 1023px) {        #colibri-620-c5        dl {\n            float: left;\n            width: 33.333333333333% !important;\n            max-width: 33.333333333333% !important;\n            min-width: 33.333333333333% !important;\n        }\n\n        #colibri-620-c5        dl:nth-of-type(3n +1 ) {\n            clear: both;\n        }\n\n        }@media (min-width: 768px) and (max-width: 1023px) {        #colibri-620-c5        dl {\n            float: left;\n            width: 33.333333333333% !important;\n            max-width: 33.333333333333% !important;\n            min-width: 33.333333333333% !important;\n        }\n\n        #colibri-620-c5        dl:nth-of-type(3n +1 ) {\n            clear: both;\n        }\n\n        }@media (max-width: 767px) {        #colibri-620-c5        dl {\n            float: left;\n            width: 50% !important;\n            max-width: 50% !important;\n            min-width: 50% !important;\n        }\n\n        #colibri-620-c5        dl:nth-of-type(2n +1 ) {\n            clear: both;\n        }\n\n        }\n        #colibri-620-c5        .gallery-item {\n            position: relative;\n        }\n\n        \n    <\/style>\n    <div   class='colibri-620-c5-dls-wrapper gallery-items-wrapper' ><dl class='gallery-item masonry-item'>\n\t\t\t<dt class='gallery-icon landscape'>\n\t\t\t\t<a data-fancybox=\"colibri-620-c5-group\" href='https:\/\/nevakallio.com\/wp-content\/uploads\/2026\/03\/respa_skissi_1400.png'><img loading=\"lazy\" decoding=\"async\"  width=\"300\" height=\"200\" src=\"https:\/\/nevakallio.com\/wp-content\/uploads\/2026\/03\/respa_skissi_1400.png\"  class='colibri-620-c5-image' alt=\"\" \/><\/a>\n\t\t\t<\/dt><\/dl><dl class='gallery-item masonry-item'>\n\t\t\t<dt class='gallery-icon landscape'>\n\t\t\t\t<a data-fancybox=\"colibri-620-c5-group\" href='https:\/\/nevakallio.com\/wp-content\/uploads\/2026\/03\/respa_skissi_2_1080.png'><img loading=\"lazy\" decoding=\"async\"  width=\"300\" height=\"300\" src=\"https:\/\/nevakallio.com\/wp-content\/uploads\/2026\/03\/respa_skissi_2_1080.png\"  class='colibri-620-c5-image' alt=\"\" \/><\/a>\n\t\t\t<\/dt><\/dl><dl class='gallery-item masonry-item'>\n\t\t\t<dt class='gallery-icon landscape'>\n\t\t\t\t<a data-fancybox=\"colibri-620-c5-group\" href='https:\/\/nevakallio.com\/wp-content\/uploads\/2026\/03\/lasten_odotus_skissi_1400.png'><img loading=\"lazy\" decoding=\"async\"  width=\"300\" height=\"200\" src=\"https:\/\/nevakallio.com\/wp-content\/uploads\/2026\/03\/lasten_odotus_skissi_1400.png\"  class='colibri-620-c5-image' alt=\"\" \/><\/a>\n\t\t\t<\/dt><\/dl><dl class='gallery-item masonry-item'>\n\t\t\t<dt class='gallery-icon landscape'>\n\t\t\t\t<a data-fancybox=\"colibri-620-c5-group\" href='https:\/\/nevakallio.com\/wp-content\/uploads\/2026\/03\/leikkaus_skissi_1400.png'><img loading=\"lazy\" decoding=\"async\"  width=\"300\" height=\"198\" src=\"https:\/\/nevakallio.com\/wp-content\/uploads\/2026\/03\/leikkaus_skissi_1400.png\"  class='colibri-620-c5-image' alt=\"\" \/><\/a>\n\t\t\t<\/dt><\/dl><dl class='gallery-item masonry-item'>\n\t\t\t<dt class='gallery-icon landscape'>\n\t\t\t\t<a data-fancybox=\"colibri-620-c5-group\" href='https:\/\/nevakallio.com\/wp-content\/uploads\/2026\/03\/odotus_skissi_1400.png'><img loading=\"lazy\" decoding=\"async\"  width=\"300\" height=\"200\" src=\"https:\/\/nevakallio.com\/wp-content\/uploads\/2026\/03\/odotus_skissi_1400.png\"  class='colibri-620-c5-image' alt=\"\" \/><\/a>\n\t\t\t<\/dt><\/dl><dl class='gallery-item masonry-item'>\n\t\t\t<dt class='gallery-icon landscape'>\n\t\t\t\t<a data-fancybox=\"colibri-620-c5-group\" href='https:\/\/nevakallio.com\/wp-content\/uploads\/2026\/03\/vastaanotto_skissi_1400.png'><img loading=\"lazy\" decoding=\"async\"  width=\"300\" height=\"200\" src=\"https:\/\/nevakallio.com\/wp-content\/uploads\/2026\/03\/vastaanotto_skissi_1400.png\"  class='colibri-620-c5-image' alt=\"\" \/><\/a>\n\t\t\t<\/dt><\/dl>\n\t\t\t\n\t\t<\/div>\n<style>#colibri-620-c5 .wp-caption-text.gallery-caption{display:none;}<\/style><\/div><\/div>\n                <\/div>\n              <\/div>\n            <\/div>\n          <\/div>\n        <\/div>\n      <\/div>\n    <\/div>\n  <\/div>\n  <div data-colibri-component=\"section\" data-colibri-id=\"620-c10\" id=\"photo-gallery-2\" class=\"h-section h-section-global-spacing d-flex align-items-lg-center align-items-md-center align-items-center style-710 style-local-620-c10 position-relative\">\n    <!---->\n    <!---->\n    <div class=\"h-section-grid-container h-section-boxed-container\">\n      <!---->\n      <div data-colibri-id=\"620-c11\" class=\"h-row-container gutters-row-lg-1 gutters-row-md-1 gutters-row-2 gutters-row-v-lg-1 gutters-row-v-md-1 gutters-row-v-2 style-711 style-local-620-c11 position-relative\">\n        <!---->\n        <div class=\"h-row justify-content-lg-center justify-content-md-center justify-content-center align-items-lg-stretch align-items-md-stretch align-items-stretch gutters-col-lg-1 gutters-col-md-1 gutters-col-2 gutters-col-v-lg-1 gutters-col-v-md-1 gutters-col-v-2\">\n          <!---->\n          <div class=\"h-column h-column-container d-flex h-col-lg-auto h-col-md-auto h-col-auto style-712-outer style-local-620-c12-outer\">\n            <div data-colibri-id=\"620-c12\" class=\"d-flex h-flex-basis h-column__inner h-px-lg-2 h-px-md-2 h-px-2 v-inner-lg-2 v-inner-md-2 v-inner-2 style-712 style-local-620-c12 position-relative\">\n              <!---->\n              <!---->\n              <div class=\"w-100 h-y-container h-column__content h-column__v-align flex-basis-100 align-self-lg-center align-self-md-center align-self-center\">\n                <!---->\n                <div data-colibri-id=\"620-c13\" class=\"h-global-transition-all h-heading style-713 style-local-620-c13 position-relative h-element\">\n                  <!---->\n                  <div class=\"h-heading__outer style-713 style-local-620-c13\">\n                    <!---->\n                    <!---->\n                    <h2 class=\"\">Oviopaste<\/h2>\n                  <\/div>\n                <\/div>\n                <div data-colibri-id=\"620-c14\" class=\"h-lead h-text h-text-component style-714 style-local-620-c14 position-relative h-element\">\n                  <!---->\n                  <!---->\n                  <div class=\"\">\n                    <p>Mittatilausty\u00f6n\u00e4 teetetyist\u00e4 esineist\u00e4 ja kalusteista suurinta suosiota nautti yksinkertainen vastaanottohuoneen opaste, johon sujautetaan A4, jossa on huoneen numero sek\u00e4 vastaanottavan l\u00e4\u00e4k\u00e4riin nimi. Tein my\u00f6s PDF-kaavakkeen opastetta\n                      varten, jossa tekstien asemointi ja ulkoasu s\u00e4ilyiv\u00e4t aina oikein.<\/p>\n                  <\/div>\n                <\/div>\n              <\/div>\n            <\/div>\n          <\/div>\n          <div class=\"h-column h-column-container d-flex h-col-lg-auto h-col-md-auto h-col-auto style-715-outer style-local-620-c15-outer\">\n            <div data-colibri-id=\"620-c15\" class=\"d-flex h-flex-basis h-column__inner h-px-lg-0 h-px-md-0 h-px-0 v-inner-lg-0 v-inner-md-0 v-inner-0 style-715 style-local-620-c15 position-relative\">\n              <!---->\n              <!---->\n              <div class=\"w-100 h-y-container h-column__content h-column__v-align flex-basis-100 align-self-lg-center align-self-md-center align-self-center\">\n                <!---->\n                <div data-colibri-component=\"masonry\" data-colibri-id=\"620-c16\" data-aos=\"fadeIn\" class=\"h-photo-gallery margin-none caption-none photo-gallery--with-hover-effect photo-gallery--with-hover-effect--fade-out style-716 style-local-620-c16 position-relative h-element\">\n                  <!---->\n                  <div class=\"h-global-transition-all\"><div id='colibri-620-c16' class='gallery-wrapper'>    <style type=\"text\/css\">\n\n        @media (min-width: 1023px) {        #colibri-620-c16        dl {\n            float: left;\n            width: 50% !important;\n            max-width: 50% !important;\n            min-width: 50% !important;\n        }\n\n        #colibri-620-c16        dl:nth-of-type(2n +1 ) {\n            clear: both;\n        }\n\n        }@media (min-width: 768px) and (max-width: 1023px) {        #colibri-620-c16        dl {\n            float: left;\n            width: 50% !important;\n            max-width: 50% !important;\n            min-width: 50% !important;\n        }\n\n        #colibri-620-c16        dl:nth-of-type(2n +1 ) {\n            clear: both;\n        }\n\n        }@media (max-width: 767px) {        #colibri-620-c16        dl {\n            float: left;\n            width: 50% !important;\n            max-width: 50% !important;\n            min-width: 50% !important;\n        }\n\n        #colibri-620-c16        dl:nth-of-type(2n +1 ) {\n            clear: both;\n        }\n\n        }\n        #colibri-620-c16        .gallery-item {\n            position: relative;\n        }\n\n        \n    <\/style>\n    <div   class='colibri-620-c16-dls-wrapper gallery-items-wrapper' ><dl class='gallery-item masonry-item'>\n\t\t\t<dt class='gallery-icon portrait'>\n\t\t\t\t<a data-fancybox=\"colibri-620-c16-group\" href='https:\/\/nevakallio.com\/wp-content\/uploads\/2026\/03\/oviopaste_skissi.png'><img loading=\"lazy\" decoding=\"async\"  width=\"683\" height=\"1024\" src=\"https:\/\/nevakallio.com\/wp-content\/uploads\/2026\/03\/oviopaste_skissi.png\"  class='colibri-620-c16-image' alt=\"\" \/><\/a>\n\t\t\t<\/dt><\/dl>\n\t\t\t\n\t\t<\/div>\n<style>#colibri-620-c16 .wp-caption-text.gallery-caption{display:none;}<\/style><\/div><\/div>\n                <\/div>\n              <\/div>\n            <\/div>\n          <\/div>\n        <\/div>\n      <\/div>\n    <\/div>\n  <\/div>\n<\/div>","protected":false},"excerpt":{"rendered":"<p>Mehil\u00e4inen milj\u00f6\u00f6 Mehil\u00e4isen tilailmeen, milj\u00f6\u00f6n, konseptointi alkoi vauhdikkaasti 2011. Uusia yksik\u00f6it\u00e4 avautui nopeasti [&hellip;]<\/p>\n","protected":false},"author":1,"featured_media":0,"parent":0,"menu_order":0,"comment_status":"closed","ping_status":"closed","template":"page-templates\/full-width-page.php","meta":{"footnotes":""},"class_list":["post-620","page","type-page","status-publish","hentry"],"_links":{"self":[{"href":"https:\/\/nevakallio.com\/index.php\/wp-json\/wp\/v2\/pages\/620","targetHints":{"allow":["GET"]}}],"collection":[{"href":"https:\/\/nevakallio.com\/index.php\/wp-json\/wp\/v2\/pages"}],"about":[{"href":"https:\/\/nevakallio.com\/index.php\/wp-json\/wp\/v2\/types\/page"}],"author":[{"embeddable":true,"href":"https:\/\/nevakallio.com\/index.php\/wp-json\/wp\/v2\/users\/1"}],"replies":[{"embeddable":true,"href":"https:\/\/nevakallio.com\/index.php\/wp-json\/wp\/v2\/comments?post=620"}],"version-history":[{"count":7,"href":"https:\/\/nevakallio.com\/index.php\/wp-json\/wp\/v2\/pages\/620\/revisions"}],"predecessor-version":[{"id":2026,"href":"https:\/\/nevakallio.com\/index.php\/wp-json\/wp\/v2\/pages\/620\/revisions\/2026"}],"wp:attachment":[{"href":"https:\/\/nevakallio.com\/index.php\/wp-json\/wp\/v2\/media?parent=620"}],"curies":[{"name":"wp","href":"https:\/\/api.w.org\/{rel}","templated":true}]}}